-1 - 0)*(6 + g)?
2
Let n(v) = 42*v**2 - v + 6. What is the units digit of n(2)?
2
Suppose -20 = -0*k - 5*k. Let p(a) = -a + 8. Let t be p(k). Let n = t - -4. What is the units digit of n?
8
What is the units digit of 4/(-2) + 6/(18/1173)?
9
Let x = -17 + 25. Let p(o) = 2*o. What is the tens digit of p(x)?
1
Let h(y) = -y**3 + y + 5. Let o be (2/3)/(4/48). Suppose 0 = 4*z - 2*i + 5*i - 6, 5*z + 4*i = o. What is the units digit of h(z)?
5
Let p be 2/5 + 8/5. Suppose -p*m + 96 = -3*m. What is the tens digit of (m/(-18))/((-2)/(-6))?
1
Suppose 14 = -3*g - 13. Let r = g + 20. What is the units digit of r?
1
Let y = 13 + -9. What is the units digit of (-3 - -2)/(y/(-4))?
1
Suppose 2*f - r - 241 - 245 = 0, 1230 = 5*f + 5*r. What is the hundreds digit of f?
2
Let n(z) = z**2 + 8*z + 2. Let c be n(-8). Suppose -3*u = c*u + 3*a - 15, -3*u = a - 9. What is the units digit of u*(-2 + 20/6)?
4
Suppose -1 = 3*v - 16. Suppose 26 - 86 = -v*h. What is the tens digit of h?
1
Let j be 1/(3 + 80/(-28)). Let a = j - 4. What is the units digit of a?
3
Let v(q) be the third derivative of q**5/30 - 5*q**4/24 + q**3 + 4*q**2. What is the units digit of v(4)?
8
Let k = -34 - -80. What is the tens digit of k?
4
Let s = -70 - -31. What is the tens digit of (s/(7 + -4))/(-1)?
1
Suppose 25*f + 268 = 27*f. What is the units digit of f?
4
Let s = -10 - -16. What is the tens digit of 3/s - (-75)/6?
1
Suppose 3*i - 4*r = 79, 3*r + 128 = -i + 6*i. Suppose 4*j + 4 = -8, 4*j = -3*u - 54. Let l = u + i. What is the units digit of l?
1
Suppose -30 = -4*r + r. Let l = r + 8. What is the units digit of l?
8
What is the units digit of -2 + 2 + 32 + 0?
2
Let i be 0 + 1 - 45/3. Let a(p) = 9*p + 26. Let f be a(-3). What is the tens digit of (i/f + 1)*1?
1
Let o = -28 + 50. What is the tens digit of o?
2
Suppose n + 4*n = 0. Let s = 10 - n. What is the units digit of -2*5*(-4)/s?
4
Let b(d) = -d - 1 + 2 + d**2 + 2. Let y be b(-3). What is the units digit of ((-2)/(-6))/(1/y)?
5
Let i be -2 - (2 - 7) - 2. Let g be 60/4 + 2/i. Let c = -7 + g. What is the units digit of c?
0
Suppose 0 = -27*h + 25*h + 348. What is the hundreds digit of h?
1
Let d = 63 - 123. What is the units digit of (-1210)/d - 1/6?
0
Let a = 52 + -34. Let c = -11 + a. What is the units digit of (c/(-2))/(8/(-16))?
7
Suppose c + 48 = 3*c. Suppose c = w - 105. What is the units digit of w/27 + 2/9?
5
Let w(h) = -2*h - 2*h - 3*h + 4*h - 10. What is the units digit of w(-7)?
1
Let a(u) be the first derivative of 1/2*u**2 + 8*u - 1. What is the units digit of a(-6)?
2
Suppose -6*m - 132 = -10*m. What is the tens digit of m?
3
Let b = -64 + 93. Suppose l - b = -2*g, 0*g + g + 2*l = 7. What is the tens digit of g?
1
Let r(w) = 34*w**2 - 1. Let h be 2/(-3)*18/12. What is the units digit of r(h)?
3
Suppose 4*n - 25 = -n. Suppose -n*c + 4*m = 42, -6 + 0 = c - 2*m. Let h = c - -23. What is the tens digit of h?
1
Let v(p) = 39*p**3 - p**2 + 5*p - 5. What is the hundreds digit of v(2)?
3
Let u be (2 - 25)*-1 - -1. Suppose -2*j = 4*z, -5*j - 4*z - u = -2*z. What is the units digit of (-3)/j*10/1?
5
Suppose -2*h - 3*r + 84 = 0, 2*h - 5*r = -2*h + 124. What is the units digit of h?
6
Suppose -5*l + 10 = -p - 3*p, 0 = 5*l + 4*p - 10. Let i be 1 + (l - (-1)/(-1)). Suppose -i*k + 20 = 8. What is the units digit of k?
6
Suppose -6 = 2*o - 0*o. Suppose 0*i = -4*i + 4. What is the units digit of (o + i)*(-3 - 1)?
8
Let u(p) = p**3 - 6*p**2 + 4*p + 7. Let o be u(5). Let c(j) be the first derivative of j**4/2 - 2*j**3/3 - 3*j**2/2 + 3*j - 1. What is the units digit of c(o)?
5
Suppose -188 = -2*y + 510. What is the units digit of y?
9
Let l(u) = -u**3 - 4*u**2. What is the tens digit of l(-6)?
7
Let s = 13 - 1. Let k be (s/4)/(-2 + 5). What is the units digit of (k/(-5))/((-2)/10)?
1
Let q(k) = 6*k**2 + 8*k + 8. What is the units digit of q(7)?
8
Let h = -4 - -5. Let c(d) = 14*d + 1. What is the units digit of c(h)?
5
Let p be 4/(-10) - (-16)/(-10). Let a be (-16)/(-3) - p/(-6). Let m(q) = -q**2 + 7*q - 7. What is the units digit of m(a)?
3
Let g = -93 + 161. What is the units digit of g?
8
Let n = -27 + 59. What is the tens digit of (-1)/(-3) + n/3?
1
Suppose 5*f - 5*a - 715 = -0*f, -5*f - a + 733 = 0. What is the hundreds digit of f?
1
Suppose 33 + 75 = 2*l. What is the tens digit of l?
5
Suppose 0 = 5*d - 0*d - 525. What is the tens digit of d?
0
Let k be (-2)/10 - (-18)/(-10). Let r(n) = n**2 - 1. Let h be r(k). Suppose 0 = -h*u - m + 14, 5*u - 8 = -2*m + 16. What is the units digit of u?
4
Let q = -60 + 103. What is the tens digit of q?
4
Let r(b) = -b**2 + 7*b + 16. What is the units digit of r(8)?
8
Let q = 136 + -113. What is the units digit of q?
3
Let o(b) = 13*b + 2. What is the units digit of o(3)?
1
Suppose j - 5*j - 12 = 0. Let h(y) = y**3 + 3*y**2 - 2*y - 1. Let f be h(j). Suppose 0 = -f*i + 15 + 50. What is the units digit of i?
3
Let l(m) = 23*m**2 + 5*m - 4. What is the hundreds digit of l(3)?
2
Let p(i) = -i**2 + 0*i**3 + 4 - 2*i**3 - 3*i**3 + i + 4*i**3. Let d be p(0). Suppose -q - d*q = 0, -q + 12 = 2*k. What is the units digit of k?
6
Suppose 50 - 170 = -3*t. What is the tens digit of t?
4
Suppose 3 = 4*c + q, -2*c + 3*q + 12 = -7. Suppose 18 + c = 3*x + 4*w, 0 = -5*x - 4*w + 28. Suppose 0*u = -u, -x*a + 4 = u. What is the units digit of a?
1
Let u(l) = 7*l + 5. Let b(p) = -p**3 - 6*p**2 - p - 1. Let d be b(-6). What is the units digit of u(d)?
0
Let n(z) be the first derivative of -z**3/3 + 8*z**2 - 10*z + 3. What is the tens digit of n(12)?
3
Let l be (20 - 6)*(-1)/2. Let k = l + 5. Let g = 10 + k. What is the units digit of g?
8
Let y(v) = -8*v - 6*v - 5*v + 5*v + 2. What is the tens digit of y(-1)?
1
Let s(c) = c**3 + c**2 - c + 1. Let o(g) = g**3 + 7*g**2 - 8*g - 3. Let m be o(-8). Let y be m/6 - (-1)/2. What is the units digit of s(y)?
1
Suppose -8*n = -4*n + 20. Let g = 7 - 2. What is the units digit of n*((-24)/g + 3)?
9
Let q(z) = -z**3 - 2*z**2 - 8*z - 10. What is the tens digit of q(-4)?
5
Suppose 4*h = 169 - 5. What is the tens digit of h?
4
Suppose -10 = -3*n + 5. Let g be 3/(-6)*2*n. What is the units digit of -4 + 1 - 55/g?
8
What is the tens digit of (-3 - -2)*1*-25?
2
Let r be (-3)/(1/(4/(-6))). Suppose 0 = -4*c + u + 21, -c + r*c + u = 9. Let y = c - 3. What is the units digit of y?
3
Suppose -2*v + 30 = -5*p, 4*v - 3*p - 12 = -5*p. Suppose -v = f - 6*f. Let y = 10 - f. What is the units digit of y?
9
Suppose -2*p = 4*b - 954, -240 = -b - 7*p + 5*p. What is the hundreds digit of b?
2
Let x = -46 - -146. What is the hundreds digit of x?
1
Let v(x) = 2*x - 4. Suppose 3*l = 9 - 3. Let q(y) = y**3 - 2*y**2 + 2*y - 1. Let g be q(l). What is the units digit of v(g)?
2
Suppose -4*m = 5*c + 10, -3*m - 3 = 5*c + 2. Let o = -3 - m. Suppose -u = o*u - 15. What is the units digit of u?
5
Suppose 4 = -y - m, -3*y + 2*m = 2*y - 1. Let s be y + (0 - 0) + 22. Suppose -3*l = -3 - s. What is the units digit of l?
8
Let r(x) = x**3 + 10*x**2 - 12*x - 6. What is the units digit of r(-11)?
5
Suppose -104*y - 71 = -105*y. What is the units digit of y?
1
Let w be 4/16 + (-1)/4. Suppose w*l = -3*l + 24. What is the units digit of l?
8
Suppose 4 = -2*z + 10. Suppose 0 = -2*w + z*t - 0*t - 23, 4*w + 25 = -t. Let p = -4 - w. What is the units digit of p?
3
Suppose -8*y + 1476 - 236 = 0. What is the hundreds digit of y?
1
Let o = 4 - 13. Let g(j) = -2*j - 13. What is the units digit of g(o)?
5
What is the hundreds digit of ((-2)/6)/((-8)/(-72)) + 212?
2
Let n(p) = p**3 - 4*p**2 + 3*p. Let j be n(2). Let o(x) = -11*x - 5. What is the units digit of o(j)?
7
Let t = 10 + 0. What is the units digit of t + (-2 + 4)/(-2)?
9
Suppose 11*r = 7*r + 124. What is the tens digit of r?
3
Let a(p) = -p - 7. Let j be a(-9). Let f be (-2 - (-5)/j)*0. Suppose 10 = 2*c - f. What is the units digit of c?
5
Let a(p) = p**3 + 6*p**2 + 5*p + 10. Let s(o) = 3*o**3 + 13*o**2 + 10*o + 21. Let r(f) = -5*a(f) + 2*s(f). What is the units digit of r(6)?
4
Let n(j) be the second derivative of j + 0 + 1/3*j**3 + 0*j**2. What is the units digit of n(3)?
6
Let u(t) = -9*t + 4. Let o be u(2). What is the tens digit of (36/o)/(3/(-21))?
1
Let v(z) = -2*z + 1. Suppose 9 + 11 = -5*y. What is the units digit of v(y)?
9
Let t(a) = 5*a**3 - 2*a**2 + 4*a - 1. What is the